= 27 - a. What is the greatest common divisor of 4 and n?
4
Suppose -3*a - 3*g = -0*g - 162, 0 = -a + 2*g + 57. Calculate the greatest common factor of a and 10.
5
Let m(q) = q**3 + 13*q**2 - 15*q - 9. Let b be m(-14). Suppose 3 = -5*t + 8. Suppose -l + 0*l = -t. Calculate the greatest common factor of b and l.
1
Let b be (-8 + 13)*(-1)/(-5). What is the greatest common factor of b and 1?
1
Let w = 1 - -3. Let r be 3/w*2*32. What is the highest common divisor of 6 and r?
6
Suppose 2*t = -x + 9, 45 = 5*x - 3*t + t. What is the highest common divisor of 9 and x?
9
Let q(y) = y**3 + 13*y**2 - 2*y + 28. Let z be q(-13). Calculate the greatest common factor of 108 and z.
54
Let j be (-6)/(-3) + 1*15. Let h(d) = -d**3 + 7*d**2 + 4*d + 8. Let f be h(6). What is the greatest common factor of f and j?
17
Suppose -4 = 2*k - 4*k - 5*n, -20 = -2*k - n. Calculate the greatest common divisor of k and 18.
6
Let r = 1 - 1. Suppose -2*d - 3*v + 4 + 6 = 0, 2*d = 2*v. Suppose -d = -j - r. Calculate the greatest common factor of 6 and j.
2
Let i be ((-8)/(-3))/(2/9). Let c be (((-9)/(-3))/3)/(9/540). What is the greatest common divisor of c and i?
12
Suppose 0 = 2*v - 10 + 4. Suppose 0 = 2*s - v - 3. What is the highest common divisor of s and 33?
3
Let l(t) = t - 1. Let v be l(5). Suppose -4 = -4*n + 4. Let a = 22 + n. Calculate the highest common divisor of v and a.
4
Let a = 1 - -2. Suppose 5*q = a*q - 2*x + 200, -5*q + 4*x + 545 = 0. What is the highest common factor of 15 and q?
15
Let i(m) = m**3 - 6*m**2 - 4*m - 10. Let l be i(7). Suppose 0*b + 2*b - 95 = -d, -d = -b - 101. What is the highest common divisor of l and d?
11
Let o = 422 + -252. Suppose 2*a + 3*h - o = 94, -4*h = -5*a + 660. Suppose 2*l - a = 110. What is the highest common divisor of 11 and l?
11
Let t = 11 + -9. Suppose t*r - 10 = 116. Calculate the highest common factor of 7 and r.
7
Let f = 262 + -222. Suppose 5*t - 90 = 2*w, 0*t + 3*t - 3*w - 45 = 0. Calculate the highest common divisor of t and f.
20
Suppose -5*y + 10 = 5*b - 10*b, -2*b = -3*y + 9. What is the greatest common divisor of y and 35?
5
Suppose 1 - 11 = 2*t, -2*t + 990 = -5*a. Let y = a - -280. What is the highest common factor of 10 and y?
10
Suppose 3*r + 9 - 345 = 3*t, -4*t - 336 = -3*r. Calculate the greatest common factor of r and 14.
14
Suppose -3*n + 10 = 1. Suppose -n*p + 864 = p. What is the greatest common factor of p and 24?
24
Let b(i) = 5*i**2 + 2*i. Let d be b(-3). Calculate the greatest common factor of d and 13.
13
Suppose -5*o = 3*d - 336, -3*o = -d + 6*d - 208. Calculate the highest common factor of 11 and o.
11
Suppose 2*l + 2*i + 1 = 5*i, 0 = 5*l - 3*i - 11. Suppose 21 = -o + l*o. Calculate the highest common divisor of 7 and o.
7
Suppose 3*y = 513 - 84. Calculate the highest common divisor of 13 and y.
13
Let o(w) = w**3 - 2*w**2 - 8*w + 6. Let n be o(4). Calculate the highest common divisor of n and 114.
6
Let y(z) = -z. Let r be y(-2). Let t be (-7)/(-6)*(4 + r). What is the highest common divisor of 63 and t?
7
Let q(a) = 4*a - 9. Let l be q(11). What is the highest common divisor of l and 14?
7
Let j(h) = 68*h**2 + 4*h + 2. Let u be j(-1). What is the highest common factor of 44 and u?
22
Suppose -5*q + 50 = -30. Calculate the greatest common divisor of 2 and q.
2
Let c = -6 + 8. Let h(o) = c*o**2 + 0*o + 2*o - o**3 + o**2. Let l be h(2). What is the highest common factor of l and 72?
8
Let o be (((-15)/(-9))/(-5))/((-12)/36). Calculate the highest common divisor of o and 17.
1
Let k be (-6)/(-5)*1610/28. What is the greatest common divisor of k and 46?
23
Suppose 5*t + 4*i - 31 - 356 = 0, -2*i = -2*t + 144. Calculate the highest common divisor of 3 and t.
3
Let m be ((-39)/(-6))/((-2)/4). Let v = m - -18. What is the highest common factor of 1 and v?
1
Let q = -9 - -6. Let l(v) = -13*v + 1. Let y be l(q). Suppose -2*a + 11 = -5. What is the highest common divisor of a and y?
8
Let i be 4/(-26) - 82/(-26). Suppose i*u + 6 = 5*u. Suppose -u*n + 11 = -1. What is the highest common divisor of n and 1?
1
Let q = -65 - -94. Let r = q - -6. Suppose -119 + r = -4*h. Calculate the highest common factor of 7 and h.
7
Suppose -2*f + 4 = -10. Suppose -f*v = -3*v - 104. What is the greatest common factor of v and 13?
13
Suppose -22 + 34 = 4*m. What is the greatest common factor of m and 69?
3
Let s be -2 - (1 - (2 - 1)). Let a be (-2628)/(-63) + s/(-7). What is the greatest common divisor of a and 6?
6
Let t be 40/(1*(-3 + 1) + 4). Calculate the greatest common divisor of 4 and t.
4
Let t be -165*((-120)/25 - -4). Calculate the greatest common factor of t and 12.
12
Let l(a) = a + 7. Let k be l(0). Let b = -19 + 163. Suppose -5*u = -q - 177, -3*q - b = -4*u - q. What is the greatest common factor of k and u?
7
Suppose 0 = 3*c + 5*k - 61, -4*k = -2*c - 0*k + 70. Let i = c + -9. Suppose u + 19 = r - u, 5*r + 2*u = 35. Calculate the greatest common divisor of i and r.
9
Let u = 12 - 4. Let l = u + -3. Suppose l*b = 4*b + 14. What is the highest common divisor of b and 14?
14
Suppose -4*a = -2*a + 8. Let s be 2/(-4) + (-26)/a. What is the greatest common factor of s and 6?
6
Let t(p) = -p + 5. Let l be t(-4). Let u = l - -11. Calculate the greatest common divisor of u and 80.
20
Let j be (-2)/(-5) - 291/15. Let h = -5 - j. Calculate the greatest common factor of 35 and h.
7
Suppose 4*n = 40 - 16. Suppose -68 = -2*f - 0*k + 2*k, -98 = -3*f + 2*k. What is the highest common factor of n and f?
6
Let j be (-2)/(-9) - (-208)/36. Let o = j - 3. Let r be o/(-3)*-1 + 1. What is the highest common divisor of r and 1?
1
Suppose 0 = 5*s + a - 2*a - 224, 0 = 5*a - 5. Let o(n) = 17*n**3 + n. Let y be 1 + (0 - (0 + 0)). Let d be o(y). What is the highest common divisor of s and d?
9
Let u(m) = m**2 + 9*m - 22. Let j be u(-16). Calculate the greatest common factor of j and 36.
18
Let k be (11 - 1)/(65/130). Suppose 6*o + 42 = m + 2*o, m = -2*o + 54. What is the greatest common factor of k and m?
10
Suppose -70 = -s + 2*j + 21, 3*j = 2*s - 182. Let w = 8 + 5. Calculate the highest common divisor of s and w.
13
Let t = 27 + -17. Suppose 2*x + 75 = 3*y, -30 + 5 = -y - 3*x. Calculate the highest common factor of t and y.
5
Let y = -4 - -10. Let s(z) = 3*z**2 + 6*z. Let o be s(-4). Calculate the greatest common divisor of o and y.
6
Suppose -8*w + n = -4*w + 441, 5*n - 555 = 5*w. Let l be -4*(w/4)/1. What is the highest common factor of 10 and l?
10
Let r = -15 + 27. Suppose 0 = 4*f - r - 20. What is the highest common divisor of 4 and f?
4
Let i(c) = -c**2 + 6*c + 10. Let n be i(7). Let t be 2 + -3 + n + -1. Calculate the greatest common divisor of 1 and t.
1
Suppose -3*o + x + 48 = 0, -4*o + 2*x + 16 = -3*o. Let a = o - 8. Suppose s + 2*y + y = a, y = s. What is the greatest common factor of 12 and s?
2
Let o(i) = i**2 - i - 12. Let v be o(6). Calculate the highest common divisor of 27 and v.
9
Let i be 8/(-2)*15/(-12). Let n(s) = s. Let l be n(i). What is the greatest common factor of l and 15?
5
Let w(a) = -a**3 - 8*a**2 - 2*a - 8. Let v be w(-8). Suppose -r + 15 = 4*r, 162 = 3*k - 2*r. Let q = k - 32. What is the greatest common divisor of q and v?
8
Let h(o) = -o**3 - 4*o**2 + 4*o + 5. Let s be h(-5). Calculate the highest common divisor of 15 and s.
5
Let h(b) = b + 7. Let l be h(7). Suppose -3*t - 5*k + 358 = 0, 5*t = -7*k + 3*k + 614. What is the highest common divisor of l and t?
14
Let i be (1 + 142/14)/(5/35). What is the highest common divisor of i and 6?
6
Let n be 80/12*3/2. Suppose 16*y = 15*y + n. Calculate the greatest common factor of y and 50.
10
Suppose 16 = 4*t, 0*i - 2*i + 78 = t. Let j = 101 - i. Calculate the greatest common divisor of 16 and j.
16
Suppose -2*u + 5*u - 33 = 0. What is the greatest common divisor of u and 11?
11
Let q be -3 - (3 + 6 - -2). Let j = q + 23. Let p = 28 - -8. What is the highest common factor of p and j?
9
Let y(s) = s**2 + 7*s - 2. Let p be y(-9). What is the greatest common factor of 16 and p?
16
Let s = -104 - -216. What is the greatest common factor of 14 and s?
14
Let v = 25 + -10. Calculate the highest common factor of v and 6.
3
Suppose 0 = -5*m + 3*m + 392. What is the highest common factor of m and 28?
28
Suppose -4*p + 66 = 2*f, 33 = -2*f + p + 84. Suppose 0 = 5*r + 2